44
-525 (base 16) to base 4
-110211
Convert 10664 (base 10) to base 16.
29a8
Convert 87 (base 16) to base 8.
207
What is 407 (base 9) in base 2?
101001011
What is 1404011 (base 5) in base 2?
110111111010111
Convert -2110 (base 5) to base 7.
-550
150a8 (base 11) to base 3
1002101010
115343 (base 6) to base 13
48b4
-30b4 (base 13) to base 14
-2654
Convert -110114 (base 6) to base 15.
-2a7d
Convert -4a1 (base 11) to base 14.
-307
What is -70678 (base 10) in base 15?
-15e1d
5c5 (base 13) to base 2
1111101110
1ee (base 15) to base 9
548
Convert -1623 (base 8) to base 2.
-1110010011
Convert 2111321 (base 4) to base 15.
2c98
20630 (base 8) to base 3
102210112
What is -1e3c (base 16) in base 14?
-2b6c
Convert -10764 (base 10) to base 15.
-32c9
Convert -365 (base 11) to base 5.
-3214
3196 (base 11) to base 3
12210021
Convert -44 (base 12) to base 13.
-40
Convert -112022000 (base 3) to base 13.
-4989
Convert -59c8 (base 13) to base 9.
-18337
211 (base 3) to base 5
42
What is 390 (base 10) in base 14?
1dc
15220 (base 7) to base 13
1c03
Convert -3672 (base 10) to base 13.
-1896
Convert 1458 (base 9) to base 15.
4db
2105 (base 6) to base 9
575
Convert -395 (base 10) to base 5.
-3040
What is 1123 (base 6) in base 15?
12c
-1108 (base 9) to base 7
-2246
What is -21346 (base 8) in base 6?
-105210
123550 (base 6) to base 15
34d6
What is 142216 (base 8) in base 10?
50318
Convert 223311 (base 4) to base 12.
1759
What is 103141 (base 5) in base 12?
2076
Convert 64560 (base 7) to base 10.
16065
Convert 1001111111 (base 2) to base 8.
1177
-1063 (base 11) to base 15
-635
What is 31110 (base 4) in base 5?
11402
141020 (base 5) to base 13
2811
-10022 (base 4) to base 14
-150
Convert 10561 (base 9) to base 11.
5303
Convert 26674 (base 8) to base 7.
46064
What is 36470 (base 9) in base 6?
305100
Convert 1100001 (base 2) to base 10.
97
What is 354 (base 13) in base 15?
286
What is -301 (base 4) in base 3?
-1211
Convert -26054 (base 7) to base 16.
-1af3
What is -1120210 (base 3) in base 4?
-102003
-100110022 (base 4) to base 16
-1050a
What is 2401 (base 12) in base 7?
14521
What is 42bb (base 14) in base 4?
2310031
What is 1863 (base 14) in base 3?
20000221
Convert -42661 (base 7) to base 13.
-4ab6
What is 7a0 (base 15) in base 5?
23400
What is 4b3 (base 14) in base 2?
1110101101
Convert -1110001 (base 2) to base 4.
-1301
What is -221320 (base 5) in base 15?
-2440
Convert 23007 (base 9) to base 11.
10564
Convert 1b05 (base 13) to base 6.
30445
-312323 (base 4) to base 2
-110110111011
Convert 40312 (base 9) to base 11.
189aa
What is -ea (base 16) in base 10?
-234
Convert c3cc (base 14) to base 2.
1000001110100000
What is 44c (base 16) in base 2?
10001001100
Convert 3b7 (base 12) to base 8.
1073
What is -2827 (base 9) in base 11?
-1668
Convert -3487 (base 10) to base 15.
-1077
What is a116 (base 13) in base 15?
6873
Convert 101021 (base 3) to base 4.
10111
d90 (base 16) to base 14
13a0
6a2 (base 12) to base 15
45b
Convert c90 (base 13) to base 5.
32040
-12002 (base 4) to base 10
-386
Convert -713 (base 8) to base 6.
-2043
Convert 5145 (base 7) to base 14.
925
Convert -33231 (base 4) to base 8.
-1755
Convert 1368 (base 11) to base 14.
904
11011110110 (base 2) to base 11
1380
-100011000 (base 2) to base 9
-341
What is 80 (base 13) in base 4?
1220
10222210 (base 3) to base 10
2910
Convert -b422 (base 12) to base 16.
-4c9a
Convert -1431 (base 6) to base 9.
-461
-214243 (base 6) to base 11
-12422
Convert -200001010 (base 3) to base 9.
-20033
What is -10110001001 (base 2) in base 8?
-2611
What is 10031 (base 5) in base 7?
1604
What is -118 (base 15) in base 2?
-11111000
What is -133 (base 8) in base 9?
-111
184c (base 13) to base 12
2111
4167 (base 8) to base 12
1307
310 (base 4) to base 3
1221
Convert 4691 (base 13) to base 6.
113532
1323 (base 7) to base 4
13323
1100011 (base 3) to base 6
4304
Convert -103332 (base 4) to base 9.
-1670
-2535 (base 6) to base 2
-1001111011
What is 99e (base 15) in base 5?
32144
Convert 3a3 (base 16) to base 7.
2500
What is 1352 (base 6) in base 16?
164
366a (base 13) to base 6
55341
What is -11111110111 (base 2) in base 11?
-1594
9195 (base 12) to base 2
11110111000001
Convert 201222221 (base 3) to base 9.
21887
Convert -25431 (base 9) to base 10.
-17119
Convert -1137 (base 9) to base 2.
-1101001100
1278 (base 10) to base 6
5530
Convert -3117 (base 8) to base 4.
-121033
Convert 23213 (base 9) to base 12.
8b63
Convert b42 (base 12) to base 16.
662
Convert -3133 (base 6) to base 8.
-1301
13253 (base 7) to base 11
2752
1002011 (base 3) to base 9
1064
Convert 341065 (base 7) to base 3.
10001212121
What is -101111111 (base 2) in base 12?
-27b
22010 (base 4) to base 12
458
What is -3312 (base 4) in base 7?
-501
-122122202 (base 3) to base 13
-5b22
Convert -472 (base 10) to base 2.
-111011000
Convert 4d82 (base 16) to base 4.
10312002
-210120 (base 4) to base 9
-3166
Convert 21002222 (base 3) to base 8.
12077
What is -6c69 (base 13) in base 11?
-10547
What is -31301 (base 4) in base 7?
-2366
Convert 12b (base 14) to base 12.
177
-111011000111 (base 2) to base 12
-2233
-1222011 (base 3) to base 13
-865
What is -157 (base 15) in base 2?
-100110011
What is 1431 (base 5) in base 7?
463
What is 697 (base 10) in base 6?
3121
1299 (base 10) to base 13
78c
Convert -157 (base 9) to base 10.
-133
-3413 (base 7) to base 10
-1235
What is -22002 (base 3) in base 12?
-162
10317 (base 13) to base 6
342400
-110210121 (base 3) to base 15
-2b71
Convert -314213 (base 5) to base 11.
-7a29
-173 (base 9) to base 14
-a7
-858 (base 10) to base 9
-1153
What is -1110010 (base 2) in base 13?
-8a
Convert -371 (base 12) to base 3.
-201011
What is ff (base 16) in base 8?
377
What is -4010 (base 5) in base 13?
-2cb
What is 120 (base 9) in base 11?
90
-1111000 (base 2) to base 10
-120
Convert 125717 (base 9) to base 7.
435511
What is -5e (base 16) in base 6?
-234
What is -702 (base 8) in base 3?
-121200
What is -90b (base 15) in base 6?
-13232
Convert -14413 (base 9) to base 6.
-113233
-10313 (base 5) to base 13
-426
Convert 1310131 (base 4) to base 9.
11201
10001 (base 11) to base 2
11100100110010
-9713 (base 15) to base 13
-11721
Convert 6045 (base 13) to base 12.
77b3
Convert 112615 (base 7) to base 11.
141a4
Convert -1141 (base 6) to base 7.
-544
Convert 100010010010100 (base 2) to base 15.
5306
What is -7cd8 (base 16) in base 15?
-970a
Convert 1101200 (base 3) to base 11.
845
What is -13555 (base 6) in base 15?
-98e
What is 11a77 (base 12) in base 4?
11312323
-101212 (base 3) to base 13
-197
Convert 11211120 (base 3) to base 12.
2059
3324 (base 6) to base 10
772
What is -69a1 (base 11) in base 9?
-13536
a40 (base 13) to base 10
1742
-792b (base 16) to base 7
-156302
Convert 3132 (base 6) to base 5.
10304
Convert 73025 (base 8) to base 6.
351541
Convert -8425 (base 16) to base 14.
-c485
Convert 152 (base 13) to base 15.
10b
Convert -6052 (base 8) to base 3.
-11021100
-14242 (base 5) to base 4
-102231
Convert 1201111 (base 3) to base 6.
5451
Convert 1468 (base 13) to base 2.
101110001111
What is -1032 (base 6) in base 12?
-178
-66 (base 11) to base 10
-72
-40333 (base 8) to base 15
-4dbd
216 (base 14) to base 15
1c7
1223 (base 16) to base 10
4643
-424 (base 5) to base 9
-136
20171 (base 9) to base 15
3de7
What is -1a (base 11) in base 10?
-21
-38c6 (base 14) to base 4
-2123312
Convert -1115 (base 7) to base 11.
-338
Convert 24195 (base 13) to base 4.
100022121
1622 (base 8) to base 6
4122
-7a87 (base 13) to base 6
-211312
2413 (base 6) to base 14
2db
Convert 641 (base 11) to base 2.
1100000011
Convert -101651 (base 8) to base 3.
-1201020100
Convert 341134 (base 6) to base 16.
7072
Convert 2030203 (base 5) to base 11.
22a22
-103e6 (base 16) to base 10
-66534
What is 9005 (base 12) in base 3?
210100012
Convert 157126 (base 8) to base 2.
1101111001010110
Convert 12a (base 12) to base 13.
109
What is -185 (base 16) in base 12?
-285
Convert -1081 (base 10) to base 16.
-439
What is -1104 (base 6) in base 8?
-400
What is -1460 (base 10) in base 14?
-764
-202200 (base 3) to base 2
-1000101110
Convert 3133 (base 5) to base 11.
350
-1351 (base 7) to base 2
-1000001110
-2010102 (base 3) to base 15
-6d5
Convert 16c (base 15) to base 16.
147
Convert -20124 (base 6) to base 9.
-3557
Convert 